
-4
What is the value of 4 + (0 - (3 + -3 + 2))?
2
What is the value of -4 + 0 + -2 - -5?
-1
Calculate 15 - 18 - (0 - 0).
-3
Evaluate -2 + 2 + (6 - (8 - 2)).
0
What is the value of -3 + (-1 - -2) - (5 - 8)?
1
What is 7 + -1 + 0 - 4?
2
(7 - 4) + (-6 - (5 + -6))
-2
Evaluate -10 - (-4 - (-5 + 6) - 0).
-5
-9 - -2 - (24 - 30)
-1
What is (2 - 3) + (-7 - -12)?
4
5 + -3 + -5 + 5
2
What is the value of 3 + -3 + -2 + 3?
1
What is the value of 1 + 1 - (1 - (3 - 7))?
-3
What is 8 + 8 + (-14 - 1)?
1
What is 0 + 0 + (-4 - -3) - 2?
-3
Calculate -5 + -4 + (9 - 5).
-5
0 - (0 - 7) - (-522 + 522)
7
What is the value of -1 + (8 - (4 - (-1 - 1)))?
1
(5 - -1) + -2 - 5
-1
4 + (8 + -1 - (-28 + 41))
-2
What is the value of -1 + 1 + 3 - (6 + 0)?
-3
Calculate -1 + (-1 - 0) + -5 + 3.
-4
Calculate -4 - (-6 + (2 - -2)).
-2
What is -1 + 3 - (-1 - -3) - -3?
3
(-4 - -2) + (3 - 3)
-2
-1 - -2 - 5 - (0 - 2)
-2
What is the value of 1 + -3 - 0 - 0 - -1?
-1
Evaluate -3 + 2 - (1 - 1) - -1.
0
Calculate 1 + 0 + -3 + 1.
-1
11 + 0 + (3 + -5 - 1)
8
0 - (13 + (-4 - 4))
-5
Evaluate -7 + 1 - 0 - -11.
5
Calculate 15 - (0 + (-10 - -25)).
0
Evaluate -5 + 1 + (7 - 0) - -2.
5
What is the value of 0 + (-4 - (-5 + 5)) - -2?
-2
Evaluate 0 + -3 + (-3 - 0).
-6
-24 + 11 + 8 + (1 - 2)
-6
Evaluate 2 - ((4 - 12) + 9).
1
Evaluate 2 - (2 + -1 - (-8 - -6)).
-1
What is the value of -4 - (-16 + 8 - -5)?
-1
Evaluate -4 + (0 - (-6 + 2) - -2).
2
Evaluate (-1 - -5) + (-3 + 0 - -2).
3
What is 3 - (9 + (0 - 1))?
-5
Calculate -6 - (1 + -3 - 3).
-1
8 + -2 - (3 - (-2 + 4))
5
What is the value of (-1 - (5 + -10)) + -4?
0
Evaluate 0 + 4 + 0 + (-34 - -31).
1
1 - (1 + 2) - (-4 + -1)
3
What is 2 + ((-4 - 3) + 4 - -4)?
3
Calculate 0 + -6 + 5 + 6 + -12.
-7
1 + 2 + 5 + -9
-1
2 - 9 - (-13 - -11 - 1)
-4
Calculate (-6 + 6 - 7) + 11.
4
-28 - (-6 - 8) - -23
9
Calculate -4 + -5 + -5 + -1 + 11.
-4
(-8 - (4 + -9)) + 1 + 8
6
What is (-3 - -4) + (0 - (-1 + 4))?
-2
Calculate (-4 - (0 - (0 - -6))) + -6.
-4
-1 - (-4 - (-10 - -2))
-5
(3 - (7 - 4)) + -9
-9
What is the value of -3 - -8 - 4 - 1?
0
Evaluate (1 - 6) + (0 - -7) + -5.
-3
Evaluate 0 + 2 + 0 + 46 + -54.
-6
1 + (1 - 13) + 5 + 8
2
What is 4 - ((5 - (6 - 4)) + -1)?
2
What is the value of -1 - (-6 + 4 + 2)?
-1
What is 2 + 0 + -4 + 1?
-1
Evaluate (2 - (5 + -5)) + -2.
0
What is -5 + (-3 - -7) - -3?
2
What is (-1 + 4 - (-4 + 5)) + -5?
-3
What is the value of -1 + 10 - (1 - -3) - 3?
2
Evaluate 2 - (-2 - (0 - 4)).
0
What is the value of -2 + 4 + -4 + (6 - -3)?
7
Calculate 0 - 6 - (14 + -24 + 3).
1
Calculate 1 + (-1 - ((9 - 3) + -2)).
-4
What is the value of (-15 - -5 - -12) + -1?
1
Evaluate -38 + 42 - (3 - 1).
2
(-8 - -1 - -6) + -6
-7
Calculate -1 + (8 + -12 - 1).
-6
Evaluate -13 - ((5 - 6) + -17).
5
Calculate -9 - (-21 - -9) - -5.
8
What is the value of (2 - 0) + (-2 - 0 - -2)?
2
What is the value of (-12 + 10 - (-4 - 0)) + -5?
-3
What is -1 + 3 + -1 + -5 - 0?
-4
3 + 1 - 2 - (-9 - -7)
4
What is -6 - (-3 + 5 + 1 + -2)?
-7
What is the value of 2 + -4 + (1 - (1 + 1))?
-3
What is the value of 334 - 336 - (2 + -1 - -3)?
-6
Calculate -8 + 9 + -2 + 2.
1
Evaluate 4 - (-6 - (-1 + -4) - -10).
-5
What is -9 + 15 + (-2 - 5)?
-1
Calculate 1 - (-8 + 6) - (0 + 14).
-11
Calculate 5 + 2 + -11 + 4 + 1.
1
Evaluate 1 + 1 + 3 - 1 - -1.
5
Calculate 2 - 7 - (0 - 3).
-2
What is the value of -24 + 13 + 7 + 0 + 7?
3
Evaluate 9 + -3 + 1 + (-4 - 1).
2
What is (-1 - -1) + (6 - (8 - 3))?
1
What is 0 - (-2 + 0 + 1 + -1)?
2
What is -2 - (1 + (5 - 9))?
1
Calculate 3 + (4 - 5) + -7.
-5
Evaluate -5 - (-7 + 0 - -3).
-1
What is (-1 - -2) + -1 + -45 + 43?
-2
What is -4 - ((1 - -2) + -2)?
-5
What is 2 + 0 + 7 + -5 + 0?
4
Evaluate 1 + 0 - -5 - (1 - 0).
5
Evaluate -17 + 27 + -9 - (-9 + 1).
9
What is the value of 12 - 13 - ((0 - 1) + -2)?
2
Evaluate -4 + -2 - (-3 - 1).
-2
Evaluate -2 + (-1 - -8 - 3).
2
What is the value of (7 - 2 - 2) + 2?
5
Evaluate -3 + 5 + -4 - 3.
-5
Calculate 4 + 0 + -4 + 1 + 2.
3
(-228 - -224) + 2 + -1 + 1
-2
What is 4 + (-4 - -4) - 3?
1
What is -4 - (-5 + -3 + 1)?
3
Evaluate -2 + (-2 - 0) + 2 + -2.
-4
Evaluate 9 + (-5 - -5 - -2 - 3).
8
What is the value of 2 - (-4 - 0) - 6?
0
Calculate (9 + -6 - 3) + -11 + 1.
-10
What is (1 + 0 - -4) + -10?
-5
-1 + -2 + (3 - 3) + -2
-5
What is the value of 3 + (6 - 6) + -8 + 4?
-1
What is the value of -4 - (-20 + 4 + 7)?
5
What is -29 + 30 - (3 + 0)?
-2
What is -6 - (-3 + -1 - (-14 + 11))?
-5
What is (-2 - 7) + (3 - -7)?
1
4 - (-2 + -8 + 7)
7
What is the value of 0 + -7 - (-2 - -3 - 4)?
-4
Calculate -3 + 3 + (1 - -2) + -1.
2
Evaluate 6 - 0 - (3 - 0).
3
Evaluate 5 + -11 + 9 + -1 + -1.
1
What is 5 + (1 + 3 - 4)?
5
What is the value of 1 - (2 + -1 - (2 + 2))?
4
What is (20 - 38) + 21 + -12 + 0?
-9
What is 1 - -7 - (-5 + 8)?
5
-7 + 3 + -3 + 7 - -3
3
Calculate (2 - -3) + (0 - 3).
2
What is the value of -7 + -8 + 14 - 5?
-6
What is the value of -2 - -4 - 6 - (30 + -29)?
-5
Calculate 0 - (-7 - (-4 + (-1 - -2))).
4
What is the value of 10 + -5 + 3 + -4?
4
Calculate -3 - (-8 - (-2 + -1)).
2
What is the value of -7 + -3 + -1 + -3 + 6?
-8
(-6 - -5) + 3 + 3
5
Calculate 1 + (5 - (0 + 3 + 1)).
2
What is the value of -1 - (4 + (0 - 2))?
-3
-5 + (-3 - -3) - -3
-2
Calculate -5 + (25 - 21) + (4 - 0).
3
What is -2 - (1 + 0) - (49 + -47)?
-5
Calculate -29 - -26 - (0 - 0) - -5.
2
Evaluate -1 + 12 - (6 + 3).
2
Calculate -9 + 10 + -13 - -5.
-7
Calculate 6 + 3 + -4 - 9.
-4
What is 6 - (-1 + 7 + 2 + -3)?
1
Calculate 2 + (-5 - (-4 - 3)).
4
-1 - -3 - (3 - 6) - 2
3
What is the value of -6 + -1 - (-4 + -2)?
-1
What is the value of -3 - (1 + -2 - 5 - -3)?
0
Calculate (2 - 2) + (2 - -1).
3
Calculate 1 + -4 + (7 + -1 - -1).
4
What is -3 + (67 - 60) + -1 + -1?
2
Evaluate (7 - 1) + 33 + -39 - 1.
-1
Evaluate -2 - (-6 - -4) - 1 - 3.
-4
5 - 11 - 5 - -5
-6
Calculate -15 + (-9 - 2 - -18).
-8
Calculate -8 + 5 + -6 + 2.
-7
Calculate 0 + 8 - (-6 + 13 + -4).
5
2 - 6 - 2 - -1
-5
What is (0 - 0) + (2 - 3)?
-1
Calculate (-15 - -12) + 3 + 4.
4
-5 - (-14 + (7 - (5 + -3)))
4
What is the value of 11 - (-9 - -23 - -4)?
-7
Evaluate 1 + (-5 - 3) - -4.
-3
Calculate -4 - 1 - ((13 - 11) + -7).
0
What is 0 - (-3 + -1 + 8)?
-4
What is (-2 + 3 - 5) + (29 - 27)?
-2
What is -83 + 69 - (-2 - 9)?
-3
(8 - 10 - 1) + -2 + 0
-5
What is the value of 4 - (8 + 3 + -3)?
-4
1 + -5 + (66 - 57)
5
What is 8 + (7 + -7 + 3 - 3)?
8
What is the value of -8 - (0 - (-3 + 6))?
-5
-13 + 15 + -7 + (-1 - 0)
-6
Evaluate 0 + -2 + (6 - 3) + -2.
-1
What is 21 - ((11 - -11) + -10)?
9
Evaluate 10 + -8 - (-7 + (4 - 1)).
6
(-2 + -3 - -12) + -14 - -6
-1
0 - (-8 + 2 + 0)
6
Calculate 7 + (-3 - -5) - 6.
3
Evaluate 1 + -7 + 12 + -28 + 19.
-3
What is -6 + (2 - -1 - (9 - 7))?
-5
What is 13 + -6 + 0 - (3 + -1)?
5
Evaluate 23 + -27 + (7 - -1) - 9.
-5
-7 - (-10 - (-7 + 2))
-2
What is the value of 8 + (-8 + 9 - (-1 - -6))?
4
Evaluate 5 - (5 - 4) - 1.
3
(2 - -4) + (-7 - -2 - -3)
4
What is -3 + 0 + (4 - -1) - -2?
4
Calculate -3 + -1 - 0 - -5.
1
What is (-14 - -2) + 6 + -1 + 4?
-3
Evaluate -1 - (-3 - (2 + -4)).
0
(-10 - -5 - -12) + (-3 - -1)
5
What is the value of -3 + 3 + -1 + 3 - 1?
1
What is -200 - -201 - (-1 - 4)?
6
What is the value of 0 - (-3 + -4 + -1 + 4)?
4
Evaluate -1 + (3 - (-5 - -4) - 2).
1
Evaluate -4 + 2 + 5 + (0 - -2).
5
What is 2 + -6 - (-2 + 3)?
-5
What is the value of -1 + 0 + 0 - (-3 - 0)?
2
-1 + 2 + 0 + -2 + 2
1
Evaluate 8 - (6 - (5 + -5)).
2
Calculate (3 - 1) + (-23 - -19) + -5.
-7
What is the value of -7 - (-6 + 7 + -9)?
1
What is -2 + -5 - ((-2 - -3) + -10)?
2
4 + (8 + -15 - 0) + 14
11
Evaluate -4 + 3 + -7 - (-5 + 1).
-4
Evaluate -8 + 10 + (-5 - -3).
0
10 - 4 - (-7 - -11)
2
Calculate (-1 - 2) + (0 - (-1 + 0)).
-2
What is the value of (-2 - -7) + (-5 - 0) + -4?
-4
(0 - 4) + (-3 + 5 - -7)
5
What is the value of 7 + -7 - (-1 + -1 + 6)?
-4
Calculate -2 + 0 + 2 + 1 + 0.
1
What is the value of 2 - -4 - (12 + -7) - 2?
-1
Calculate 5 - (-4 - -3) - 10.
-4
9 + -6 + 20 + -14
9
What is the value of 244 + -249 + (1 - 0) + -1?
-5
Evaluate (15 - 7 - (3 + -3)) + -3.
5
What is (1 + 2 - (-7 + 11)) + 2?
1
What is 0 - (10 + (5 - 10))?
-5
What is the value of 5 - (12 + (-3 - 8))?
4
(-10 + -8 - -8) + (3 - -3)
-4
-5 + 3 + (8 - 1) - -4
9
-8 + 8 + (-5 - -14)
9
Calculate 1 + (-3 - -3) - 4.
-3
Evaluate 6 - (2 - 0) - 3.
1
(7 - 12) + (4 - 2) - -4
1
What is the value of 5 + -4 + -4